{"id":53,"date":"2018-02-27T22:33:46","date_gmt":"2018-02-27T22:33:46","guid":{"rendered":"http:\/\/akademiajasiaimalgosi.olsztyn.pl\/?page_id=53"},"modified":"2025-12-08T12:01:03","modified_gmt":"2025-12-08T11:01:03","slug":"nasza-kadra","status":"publish","type":"page","link":"https:\/\/stowarzyszenie-dzieckoirodzina.pl\/przedszkole\/strona-glowna\/nasza-kadra\/","title":{"rendered":"PRZEDSTAWIAMY NASZ\u0104 KADR\u0118"},"content":{"rendered":"\t\t<div data-elementor-type=\"wp-page\" data-elementor-id=\"53\" class=\"elementor elementor-53\">\n\t\t\t\t<div class=\"aux-parallax-section elementor-element elementor-element-157d757c e-flex e-con-boxed e-con e-parent\" data-id=\"157d757c\" data-element_type=\"container\">\n\t\t\t\t\t<div class=\"e-con-inner\">\n\t\t\t\t<div class=\"elementor-element elementor-element-2b2bc11f elementor-widget elementor-widget-text-editor\" data-id=\"2b2bc11f\" data-element_type=\"widget\" data-widget_type=\"text-editor.default\">\n\t\t\t\t\t\t\t\t\t<h2>\u00a0<\/h2><p>Nasza kadra to zesp\u00f3\u0142 m\u0142odych, wykszta\u0142conych i kreatywnych nauczycieli, kt\u00f3rzy w pracy wykorzystuj\u0105 formy i metody gwarantuj\u0105ce nauczanie i wychowanie na najwy\u017cszym poziomie.<br \/>Kadr\u0119 przedszkola stanowi\u0105\u00a0 nauczyciele, posiadaj\u0105cy pedagogiczne wy\u017csze wykszta\u0142cenie magisterskie oraz uko\u0144czone szko\u0142y podyplomowe w okre\u015blonym zakresie. Opr\u00f3cz bardzo dobrego przygotowania merytorycznego maj\u0105 wiele ciekawych pomys\u0142\u00f3w i \u017cyczliwo\u015bci dla dzieci.<\/p><p><strong><em>Nauczyciele<\/em>:<\/strong><br \/>Katarzyna Bronicka &#8211; \u0141u\u017cpi\u0144ska<\/p><p><strong><em>Pomoc nauczyciela:<\/em><\/strong><br \/>Kamila Ba\u0142as<\/p><p><strong><em>Prowadzimy dodatkowe zaj\u0119cia :<\/em><\/strong><\/p><ul><li>logopedia<\/li><li>rehabilitacja<\/li><li>rytmika<\/li><li>j\u0119zyk angielski<\/li><li>religia<\/li><li>Ruch Rozwijaj\u0105cy Weroniki Sherborne<\/li><li>zaj\u0119cia korekcyjno-kompensacyjne<\/li><li>pomoc psychologiczno &#8211; pedagogiczna dla dzieci i rodzic\u00f3w<\/li><\/ul><p><strong>Dyrektorem Przedszkola<\/strong> jest Ma\u0142gorzata Jesionowska\u00a0 &#8211; kontakt\u00a0<a href=\"https:\/\/stowarzyszenie-dzieckoirodzina.pl\/kontakt\/\" target=\"_blank\" rel=\"noopener\">https:\/\/stowarzyszenie-dzieckoirodzina.pl\/kontakt\/<\/a><br \/><strong>Zast\u0119pca dyrektora<\/strong>, koordynator projekt\u00f3w: Jan Bartosik\u00a0 &#8211; kontakt\u00a0<a href=\"https:\/\/stowarzyszenie-dzieckoirodzina.pl\/przedszkole\/akademia-jasia-i-malgosi-2\/\" target=\"_blank\" rel=\"noopener\">https:\/\/stowarzyszenie-dzieckoirodzina.pl\/przedszkole\/akademia-jasia-i-malgosi-2\/<\/a><\/p>\t\t\t\t\t\t\t\t<\/div>\n\t\t\t\t\t<\/div>\n\t\t\t\t<\/div>\n\t\t\t\t<\/div>\n\t\t","protected":false},"excerpt":{"rendered":"<p>\u00a0 Nasza kadra to zesp\u00f3\u0142 m\u0142odych, wykszta\u0142conych i kreatywnych nauczycieli, kt\u00f3rzy w pracy wykorzystuj\u0105 formy i metody gwarantuj\u0105ce nauczanie i wychowanie na najwy\u017cszym poziomie.Kadr\u0119 przedszkola stanowi\u0105\u00a0 nauczyciele, posiadaj\u0105cy pedagogiczne wy\u017csze wykszta\u0142cenie magisterskie oraz uko\u0144czone szko\u0142y podyplomowe w okre\u015blonym zakresie. Opr\u00f3cz bardzo dobrego przygotowania merytorycznego maj\u0105 wiele ciekawych pomys\u0142\u00f3w i \u017cyczliwo\u015bci dla dzieci. Nauczyciele:Katarzyna Bronicka &#8211; [&hellip;]<\/p>\n","protected":false},"author":1,"featured_media":0,"parent":19,"menu_order":0,"comment_status":"closed","ping_status":"closed","template":"","meta":{"footnotes":""},"class_list":["post-53","page","type-page","status-publish","hentry"],"yoast_head":"<!-- This site is optimized with the Yoast SEO plugin v26.4 - https:\/\/yoast.com\/wordpress\/plugins\/seo\/ -->\n<title>Akademia Jasia i Ma\u0142gosi \u2013 edukacja i zabawa dla dzieci<\/title>\n<meta name=\"description\" content=\"Przedszkole Niepubliczne \u201eAkademia Jasia i Ma\u0142gosi\u201d (funkcjonuj\u0105ce wcze\u015bniej jako Punkt Przedszkolny) istnieje od 2009 roku. Mie\u015bci si\u0119 w Olsztynie przy ulicy Mazurskiej 13 B i czynne jest w godzinach 7:30 \u2013 15:30.\" \/>\n<meta name=\"robots\" content=\"index, follow, max-snippet:-1, max-image-preview:large, max-video-preview:-1\" \/>\n<link rel=\"canonical\" href=\"https:\/\/stowarzyszenie-dzieckoirodzina.pl\/przedszkole\/strona-glowna\/nasza-kadra\/\" \/>\n<meta property=\"og:locale\" content=\"pl_PL\" \/>\n<meta property=\"og:type\" content=\"article\" \/>\n<meta property=\"og:title\" content=\"Akademia Jasia i Ma\u0142gosi \u2013 edukacja i zabawa dla dzieci\" \/>\n<meta property=\"og:description\" content=\"Przedszkole Niepubliczne \u201eAkademia Jasia i Ma\u0142gosi\u201d (funkcjonuj\u0105ce wcze\u015bniej jako Punkt Przedszkolny) istnieje od 2009 roku. Mie\u015bci si\u0119 w Olsztynie przy ulicy Mazurskiej 13 B i czynne jest w godzinach 7:30 \u2013 15:30.\" \/>\n<meta property=\"og:url\" content=\"https:\/\/stowarzyszenie-dzieckoirodzina.pl\/przedszkole\/strona-glowna\/nasza-kadra\/\" \/>\n<meta property=\"og:site_name\" content=\"Akademia Jasia i Ma\u0142gosi\" \/>\n<meta property=\"article:modified_time\" content=\"2025-12-08T11:01:03+00:00\" \/>\n<meta name=\"twitter:card\" content=\"summary_large_image\" \/>\n<meta name=\"twitter:label1\" content=\"Szacowany czas czytania\" \/>\n\t<meta name=\"twitter:data1\" content=\"1 minuta\" \/>\n<script type=\"application\/ld+json\" class=\"yoast-schema-graph\">{\"@context\":\"https:\/\/schema.org\",\"@graph\":[{\"@type\":\"WebPage\",\"@id\":\"https:\/\/stowarzyszenie-dzieckoirodzina.pl\/przedszkole\/strona-glowna\/nasza-kadra\/\",\"url\":\"https:\/\/stowarzyszenie-dzieckoirodzina.pl\/przedszkole\/strona-glowna\/nasza-kadra\/\",\"name\":\"Akademia Jasia i Ma\u0142gosi \u2013 edukacja i zabawa dla dzieci\",\"isPartOf\":{\"@id\":\"https:\/\/stowarzyszenie-dzieckoirodzina.pl\/przedszkole\/#website\"},\"datePublished\":\"2018-02-27T22:33:46+00:00\",\"dateModified\":\"2025-12-08T11:01:03+00:00\",\"description\":\"Przedszkole Niepubliczne \u201eAkademia Jasia i Ma\u0142gosi\u201d (funkcjonuj\u0105ce wcze\u015bniej jako Punkt Przedszkolny) istnieje od 2009 roku. Mie\u015bci si\u0119 w Olsztynie przy ulicy Mazurskiej 13 B i czynne jest w godzinach 7:30 \u2013 15:30.\",\"breadcrumb\":{\"@id\":\"https:\/\/stowarzyszenie-dzieckoirodzina.pl\/przedszkole\/strona-glowna\/nasza-kadra\/#breadcrumb\"},\"inLanguage\":\"pl-PL\",\"potentialAction\":[{\"@type\":\"ReadAction\",\"target\":[\"https:\/\/stowarzyszenie-dzieckoirodzina.pl\/przedszkole\/strona-glowna\/nasza-kadra\/\"]}]},{\"@type\":\"BreadcrumbList\",\"@id\":\"https:\/\/stowarzyszenie-dzieckoirodzina.pl\/przedszkole\/strona-glowna\/nasza-kadra\/#breadcrumb\",\"itemListElement\":[{\"@type\":\"ListItem\",\"position\":1,\"name\":\"Strona g\u0142\u00f3wna\",\"item\":\"https:\/\/stowarzyszenie-dzieckoirodzina.pl\/przedszkole\/\"},{\"@type\":\"ListItem\",\"position\":2,\"name\":\"O NAS\",\"item\":\"https:\/\/stowarzyszenie-dzieckoirodzina.pl\/przedszkole\/\"},{\"@type\":\"ListItem\",\"position\":3,\"name\":\"PRZEDSTAWIAMY NASZ\u0104 KADR\u0118\"}]},{\"@type\":\"WebSite\",\"@id\":\"https:\/\/stowarzyszenie-dzieckoirodzina.pl\/przedszkole\/#website\",\"url\":\"https:\/\/stowarzyszenie-dzieckoirodzina.pl\/przedszkole\/\",\"name\":\"Akademia Jasia i Ma\u0142gosi\",\"description\":\"Przedszkole Niepubliczne w Olsztynie\",\"potentialAction\":[{\"@type\":\"SearchAction\",\"target\":{\"@type\":\"EntryPoint\",\"urlTemplate\":\"https:\/\/stowarzyszenie-dzieckoirodzina.pl\/przedszkole\/?s={search_term_string}\"},\"query-input\":{\"@type\":\"PropertyValueSpecification\",\"valueRequired\":true,\"valueName\":\"search_term_string\"}}],\"inLanguage\":\"pl-PL\"}]}<\/script>\n<!-- \/ Yoast SEO plugin. -->","yoast_head_json":{"title":"Akademia Jasia i Ma\u0142gosi \u2013 edukacja i zabawa dla dzieci","description":"Przedszkole Niepubliczne \u201eAkademia Jasia i Ma\u0142gosi\u201d (funkcjonuj\u0105ce wcze\u015bniej jako Punkt Przedszkolny) istnieje od 2009 roku. Mie\u015bci si\u0119 w Olsztynie przy ulicy Mazurskiej 13 B i czynne jest w godzinach 7:30 \u2013 15:30.","robots":{"index":"index","follow":"follow","max-snippet":"max-snippet:-1","max-image-preview":"max-image-preview:large","max-video-preview":"max-video-preview:-1"},"canonical":"https:\/\/stowarzyszenie-dzieckoirodzina.pl\/przedszkole\/strona-glowna\/nasza-kadra\/","og_locale":"pl_PL","og_type":"article","og_title":"Akademia Jasia i Ma\u0142gosi \u2013 edukacja i zabawa dla dzieci","og_description":"Przedszkole Niepubliczne \u201eAkademia Jasia i Ma\u0142gosi\u201d (funkcjonuj\u0105ce wcze\u015bniej jako Punkt Przedszkolny) istnieje od 2009 roku. Mie\u015bci si\u0119 w Olsztynie przy ulicy Mazurskiej 13 B i czynne jest w godzinach 7:30 \u2013 15:30.","og_url":"https:\/\/stowarzyszenie-dzieckoirodzina.pl\/przedszkole\/strona-glowna\/nasza-kadra\/","og_site_name":"Akademia Jasia i Ma\u0142gosi","article_modified_time":"2025-12-08T11:01:03+00:00","twitter_card":"summary_large_image","twitter_misc":{"Szacowany czas czytania":"1 minuta"},"schema":{"@context":"https:\/\/schema.org","@graph":[{"@type":"WebPage","@id":"https:\/\/stowarzyszenie-dzieckoirodzina.pl\/przedszkole\/strona-glowna\/nasza-kadra\/","url":"https:\/\/stowarzyszenie-dzieckoirodzina.pl\/przedszkole\/strona-glowna\/nasza-kadra\/","name":"Akademia Jasia i Ma\u0142gosi \u2013 edukacja i zabawa dla dzieci","isPartOf":{"@id":"https:\/\/stowarzyszenie-dzieckoirodzina.pl\/przedszkole\/#website"},"datePublished":"2018-02-27T22:33:46+00:00","dateModified":"2025-12-08T11:01:03+00:00","description":"Przedszkole Niepubliczne \u201eAkademia Jasia i Ma\u0142gosi\u201d (funkcjonuj\u0105ce wcze\u015bniej jako Punkt Przedszkolny) istnieje od 2009 roku. Mie\u015bci si\u0119 w Olsztynie przy ulicy Mazurskiej 13 B i czynne jest w godzinach 7:30 \u2013 15:30.","breadcrumb":{"@id":"https:\/\/stowarzyszenie-dzieckoirodzina.pl\/przedszkole\/strona-glowna\/nasza-kadra\/#breadcrumb"},"inLanguage":"pl-PL","potentialAction":[{"@type":"ReadAction","target":["https:\/\/stowarzyszenie-dzieckoirodzina.pl\/przedszkole\/strona-glowna\/nasza-kadra\/"]}]},{"@type":"BreadcrumbList","@id":"https:\/\/stowarzyszenie-dzieckoirodzina.pl\/przedszkole\/strona-glowna\/nasza-kadra\/#breadcrumb","itemListElement":[{"@type":"ListItem","position":1,"name":"Strona g\u0142\u00f3wna","item":"https:\/\/stowarzyszenie-dzieckoirodzina.pl\/przedszkole\/"},{"@type":"ListItem","position":2,"name":"O NAS","item":"https:\/\/stowarzyszenie-dzieckoirodzina.pl\/przedszkole\/"},{"@type":"ListItem","position":3,"name":"PRZEDSTAWIAMY NASZ\u0104 KADR\u0118"}]},{"@type":"WebSite","@id":"https:\/\/stowarzyszenie-dzieckoirodzina.pl\/przedszkole\/#website","url":"https:\/\/stowarzyszenie-dzieckoirodzina.pl\/przedszkole\/","name":"Akademia Jasia i Ma\u0142gosi","description":"Przedszkole Niepubliczne w Olsztynie","potentialAction":[{"@type":"SearchAction","target":{"@type":"EntryPoint","urlTemplate":"https:\/\/stowarzyszenie-dzieckoirodzina.pl\/przedszkole\/?s={search_term_string}"},"query-input":{"@type":"PropertyValueSpecification","valueRequired":true,"valueName":"search_term_string"}}],"inLanguage":"pl-PL"}]}},"_links":{"self":[{"href":"https:\/\/stowarzyszenie-dzieckoirodzina.pl\/przedszkole\/wp-json\/wp\/v2\/pages\/53","targetHints":{"allow":["GET"]}}],"collection":[{"href":"https:\/\/stowarzyszenie-dzieckoirodzina.pl\/przedszkole\/wp-json\/wp\/v2\/pages"}],"about":[{"href":"https:\/\/stowarzyszenie-dzieckoirodzina.pl\/przedszkole\/wp-json\/wp\/v2\/types\/page"}],"author":[{"embeddable":true,"href":"https:\/\/stowarzyszenie-dzieckoirodzina.pl\/przedszkole\/wp-json\/wp\/v2\/users\/1"}],"replies":[{"embeddable":true,"href":"https:\/\/stowarzyszenie-dzieckoirodzina.pl\/przedszkole\/wp-json\/wp\/v2\/comments?post=53"}],"version-history":[{"count":13,"href":"https:\/\/stowarzyszenie-dzieckoirodzina.pl\/przedszkole\/wp-json\/wp\/v2\/pages\/53\/revisions"}],"predecessor-version":[{"id":6194,"href":"https:\/\/stowarzyszenie-dzieckoirodzina.pl\/przedszkole\/wp-json\/wp\/v2\/pages\/53\/revisions\/6194"}],"up":[{"embeddable":true,"href":"https:\/\/stowarzyszenie-dzieckoirodzina.pl\/przedszkole\/wp-json\/wp\/v2\/pages\/19"}],"wp:attachment":[{"href":"https:\/\/stowarzyszenie-dzieckoirodzina.pl\/przedszkole\/wp-json\/wp\/v2\/media?parent=53"}],"curies":[{"name":"wp","href":"https:\/\/api.w.org\/{rel}","templated":true}]}}